{"id":1119,"date":"2025-03-01T21:40:59","date_gmt":"2025-03-01T21:40:59","guid":{"rendered":"https:\/\/xn--libert-financire-6pbj.com\/?page_id=1119"},"modified":"2025-03-01T21:40:59","modified_gmt":"2025-03-01T21:40:59","slug":"briser-tes-chaines-pourquoi-ton-boulot-est-une-prison-doree","status":"publish","type":"page","link":"https:\/\/xn--libert-financire-6pbj.com\/index.php\/briser-tes-chaines-pourquoi-ton-boulot-est-une-prison-doree\/","title":{"rendered":"Briser tes cha\u00eenes : Pourquoi ton boulot est une prison dor\u00e9e"},"content":{"rendered":"\n<p>Tu as ce \u201cbon job\u201d qu&rsquo;on t&rsquo;a toujours dit de viser, celui que tout le monde r\u00eave d\u2019avoir. Tu es bien pay\u00e9, tu as des avantages, tu as cette petite \u00e9tiquette de \u00ab\u00a0r\u00e9ussi\u00a0\u00bb qui te colle \u00e0 la peau. Mais soyons honn\u00eates\u2026 tu te sens coinc\u00e9. La r\u00e9alit\u00e9, c&rsquo;est que tu es dans une prison dor\u00e9e. Tu le sais, tu le sens au fond de toi. C\u2019est confortable, mais c\u2019est aussi \u00e9touffant. Ce job, que tu pensais \u00eatre la cl\u00e9 de ta libert\u00e9, devient le verrou qui t&#8217;emp\u00eache de vraiment vivre.<\/p>\n\n\n\n<p><strong>Tu veux de la libert\u00e9, mais tu te retrouves coinc\u00e9 dans la roue de hamster<\/strong><\/p>\n\n\n\n<p>Chaque matin, tu te r\u00e9veilles, tu enfiles ton costume, tu t\u2019assieds \u00e0 ton bureau, et tu attends la fin de la journ\u00e9e comme un prisonnier attend sa lib\u00e9ration. Oui, tu as des projets, des r\u00eaves, des ambitions\u2026 mais ils restent l\u00e0, dans un coin de ta t\u00eate, comme des poussi\u00e8res sur une \u00e9tag\u00e8re. Et chaque heure pass\u00e9e \u00e0 faire un travail qui ne te passionne plus te rapproche de l\u2019id\u00e9e que la vie s\u2019\u00e9chappe, qu\u2019elle file entre tes doigts. Et tu n\u2019as m\u00eame pas le temps de la saisir, car tu es trop occup\u00e9 \u00e0 courir apr\u00e8s une promotion ou \u00e0 r\u00e9pondre \u00e0 des emails qui ne te rapprochent de rien de v\u00e9ritablement important. C\u2019est \u00e7a, ta vie. La fameuse \u201cr\u00e9ussite\u201d qui te maintient encha\u00een\u00e9, confortablement inconfortable.<\/p>\n\n\n\n<p><strong>Les avantages ? Sont-ils vraiment des avantages ?<\/strong><\/p>\n\n\n\n<p>Oui, tu as un salaire qui te permet de vivre confortablement, d\u2019avoir des vacances quand tu veux, de t\u2019offrir ce petit plus que tout le monde admire. Mais si tu es honn\u00eate, ces \u201cavantages\u201d sont-ils vraiment ce que tu veux dans la vie ? Parce qu\u2019au final, ce job ne te donne pas plus de temps, ni plus de libert\u00e9. Il ne te rend pas plus heureux. Il ne te permet pas de passer du temps avec ceux que tu aimes ou de t\u2019attaquer \u00e0 des projets qui te tiennent r\u00e9ellement \u00e0 c\u0153ur. Il te maintient juste l\u00e0 o\u00f9 tu es, enferm\u00e9 dans une cage dor\u00e9e, et tu as du mal \u00e0 t\u2019en lib\u00e9rer.<\/p>\n\n\n\n<p><strong>Mais il existe une sortie. Et c\u2019est \u00e0 toi de la prendre.<\/strong><\/p>\n\n\n\n<p>La premi\u00e8re \u00e9tape pour sortir de cette prison dor\u00e9e, c\u2019est de r\u00e9aliser qu\u2019un \u00ab\u00a0bon job\u00a0\u00bb n\u2019est pas la cl\u00e9 du bonheur. Si tu veux vraiment vivre, il faut commencer \u00e0 briser les cha\u00eenes. Cela ne signifie pas que tu dois tout quitter du jour au lendemain. Mais commence \u00e0 remettre en question ce que tu fais r\u00e9ellement avec ton temps. Qu\u2019est-ce qui te rend vivant ? Qu\u2019est-ce qui te fait te lever le matin avec l\u2019envie d\u2019avancer ? Si tu ne sais pas r\u00e9pondre \u00e0 ces questions, alors c\u2019est l\u00e0 que le probl\u00e8me r\u00e9side. Parce que tu n\u2019as plus de direction. Tu te contentes d\u2019un chemin trac\u00e9 par d\u2019autres.<\/p>\n\n\n\n<p><strong>Lib\u00e8re-toi. Trouve ton propre chemin.<\/strong><\/p>\n\n\n\n<p>La v\u00e9ritable libert\u00e9, c\u2019est de choisir ce que tu veux faire de ta vie. Ce n\u2019est pas de rester dans une zone de confort, ce n\u2019est pas de te laisser aller \u00e0 la routine qui t\u2019emprisonne. La vraie question est : qu\u2019est-ce que tu ferais si tu savais que l\u2019\u00e9chec n\u2019\u00e9tait pas une option ? Imagine \u00e7a. Imagine que tu puisses t\u2019\u00e9panouir pleinement, faire ce que tu aimes, sans avoir peur des cons\u00e9quences. Ce r\u00eave, ce n\u2019est pas un fantasme. C\u2019est \u00e0 port\u00e9e de main. Oui, tu vas devoir bosser dur pour y arriver, mais tu n\u2019as pas besoin d\u2019\u00eatre un esclave de ton job pour vivre une vie pleine de sens.<\/p>\n\n\n\n<p><strong>Quelques conseils pour t\u2019y amener :<\/strong><\/p>\n\n\n\n<ol>\n<li><strong>R\u00e9veille-toi.<\/strong> Ne laisse pas les autres d\u00e9cider de ta vie. Tu es plus que ta job description. Ta vie est plus que ce que tu fais dans un bureau. Arr\u00eate de croire que ton \u00ab\u00a0bon job\u00a0\u00bb va te sauver.<\/li>\n\n\n\n<li><strong>Commence petit.<\/strong> Il n\u2019est pas n\u00e9cessaire de tout plaquer. Mais commence \u00e0 investir du temps chaque jour dans ce qui te passionne. Cr\u00e9e ton projet parall\u00e8le. Fais-en une priorit\u00e9.<\/li>\n\n\n\n<li><strong>Fais des sacrifices.<\/strong> Oui, tu vas devoir faire des choix. Mais, si tu ne veux pas passer ta vie \u00e0 vivre les r\u00eaves des autres, tu devras sacrifier du temps et des efforts pour construire la vie que tu veux.<\/li>\n\n\n\n<li><strong>Rien ne se fait tout seul.<\/strong> La libert\u00e9 n\u2019est pas un don. C\u2019est un combat. Mais si tu veux vraiment vivre, tu as tout ce qu\u2019il faut pour r\u00e9ussir.<\/li>\n<\/ol>\n\n\n\n<p>La sortie, c\u2019est \u00e0 toi de la cr\u00e9er. Ne reste pas dans cette prison dor\u00e9e. Trouve ta vraie libert\u00e9 et commence \u00e0 vivre pleinement.<\/p>\n\n\n\n<p><strong>Guido SAVERIO<\/strong><\/p>\n\n\n\n<p class=\"has-vivid-red-color has-text-color has-link-color wp-elements-55c45beacc2fc6eae37838d994b7ed98\"><strong>PS : Si tu te sens pr\u00eat \u00e0 briser tes cha\u00eenes et que cet article t\u2019a parl\u00e9, partage-le avec ceux qui m\u00e9ritent de lire ce message. Merci de faire partie de ceux qui veulent vraiment vivre.<\/strong><\/p>\n","protected":false},"excerpt":{"rendered":"<p>Tu as ce \u201cbon job\u201d qu&rsquo;on t&rsquo;a toujours dit de viser, celui que tout le monde r\u00eave d\u2019avoir. Tu es bien pay\u00e9, tu as des avantages, tu as cette petite \u00e9tiquette de \u00ab\u00a0r\u00e9ussi\u00a0\u00bb qui te colle \u00e0 la peau. Mais&#8230; <a href=\"https:\/\/xn--libert-financire-6pbj.com\/index.php\/briser-tes-chaines-pourquoi-ton-boulot-est-une-prison-doree\/\" class=\"readmore\">Read more<span class=\"screen-reader-text\">Briser tes cha\u00eenes : Pourquoi ton boulot est une prison dor\u00e9e<\/span><span class=\"fa fa-angle-double-right\" aria-hidden=\"true\"><\/span><\/a><\/p>\n","protected":false},"author":1,"featured_media":0,"parent":0,"menu_order":0,"comment_status":"closed","ping_status":"closed","template":"","meta":{"footnotes":""},"_links":{"self":[{"href":"https:\/\/xn--libert-financire-6pbj.com\/index.php\/wp-json\/wp\/v2\/pages\/1119"}],"collection":[{"href":"https:\/\/xn--libert-financire-6pbj.com\/index.php\/wp-json\/wp\/v2\/pages"}],"about":[{"href":"https:\/\/xn--libert-financire-6pbj.com\/index.php\/wp-json\/wp\/v2\/types\/page"}],"author":[{"embeddable":true,"href":"https:\/\/xn--libert-financire-6pbj.com\/index.php\/wp-json\/wp\/v2\/users\/1"}],"replies":[{"embeddable":true,"href":"https:\/\/xn--libert-financire-6pbj.com\/index.php\/wp-json\/wp\/v2\/comments?post=1119"}],"version-history":[{"count":1,"href":"https:\/\/xn--libert-financire-6pbj.com\/index.php\/wp-json\/wp\/v2\/pages\/1119\/revisions"}],"predecessor-version":[{"id":1120,"href":"https:\/\/xn--libert-financire-6pbj.com\/index.php\/wp-json\/wp\/v2\/pages\/1119\/revisions\/1120"}],"wp:attachment":[{"href":"https:\/\/xn--libert-financire-6pbj.com\/index.php\/wp-json\/wp\/v2\/media?parent=1119"}],"curies":[{"name":"wp","href":"https:\/\/api.w.org\/{rel}","templated":true}]}}