{"id":227,"date":"2024-07-30T11:03:09","date_gmt":"2024-07-30T11:03:09","guid":{"rendered":"https:\/\/xn--libert-financire-6pbj.com\/?page_id=227"},"modified":"2024-12-15T15:02:10","modified_gmt":"2024-12-15T15:02:10","slug":"comment-creer-de-la-richesse","status":"publish","type":"page","link":"https:\/\/xn--libert-financire-6pbj.com\/index.php\/comment-creer-de-la-richesse\/","title":{"rendered":"comment cr\u00e9er de la richesse"},"content":{"rendered":"\n<p>Mesdames et Messieurs,<\/p>\n\n\n\n<p>Aujourd&rsquo;hui, je souhaite partager avec vous une vision de la richesse qui d\u00e9passe la simple possession de biens mat\u00e9riels ou d&rsquo;argent. La v\u00e9ritable richesse, celle qui perdure et qui a un impact profond sur notre vie et celle des autres, repose sur la capacit\u00e9 \u00e0 cr\u00e9er de la richesse.<\/p>\n\n\n\n<p>D&rsquo;abord, comprenons que la richesse ne se limite pas \u00e0 ce que l&rsquo;on poss\u00e8de dans son compte bancaire. Beaucoup de gens pensent que gagner beaucoup d&rsquo;argent, par exemple \u00e0 la loterie, les rend riches. Mais en r\u00e9alit\u00e9, ce n&rsquo;est pas le cas. Ceux qui gagnent \u00e0 la loterie et n&rsquo;ont pas la capacit\u00e9 de g\u00e9rer cet argent de mani\u00e8re intelligente finissent souvent par tout perdre en peu de temps. Pourquoi ? Parce qu&rsquo;ils n&rsquo;ont pas d\u00e9velopp\u00e9 ce que nous appelons l&rsquo;intelligence financi\u00e8re.<\/p>\n\n\n\n<p>L&rsquo;intelligence financi\u00e8re est la cl\u00e9 de la cr\u00e9ation de richesse. Elle implique la capacit\u00e9 \u00e0 comprendre, g\u00e9rer et investir l&rsquo;argent de mani\u00e8re efficace. Elle se d\u00e9veloppe par l&rsquo;apprentissage continu, l&rsquo;exp\u00e9rimentation et l&rsquo;am\u00e9lioration personnelle. Par exemple, les entrepreneurs, m\u00eame lorsqu&rsquo;ils n&rsquo;ont pas encore beaucoup d&rsquo;argent, sont d\u00e9j\u00e0 riches en termes de potentiel. Ils investissent en eux-m\u00eames, en leurs comp\u00e9tences et en leurs id\u00e9es. Ils voient des opportunit\u00e9s l\u00e0 o\u00f9 d&rsquo;autres ne voient que des obstacles.<\/p>\n\n\n<div class=\"wp-block-image\">\n<figure class=\"aligncenter size-large is-resized\"><img loading=\"lazy\" decoding=\"async\" width=\"683\" height=\"1024\" src=\"https:\/\/xn--libert-financire-6pbj.com\/wp-content\/uploads\/2024\/12\/pexels-a-darmel-9040297-683x1024.jpg\" alt=\"\" class=\"wp-image-650\" style=\"width:185px;height:auto\" srcset=\"https:\/\/xn--libert-financire-6pbj.com\/wp-content\/uploads\/2024\/12\/pexels-a-darmel-9040297-683x1024.jpg 683w, https:\/\/xn--libert-financire-6pbj.com\/wp-content\/uploads\/2024\/12\/pexels-a-darmel-9040297-200x300.jpg 200w, https:\/\/xn--libert-financire-6pbj.com\/wp-content\/uploads\/2024\/12\/pexels-a-darmel-9040297-768x1152.jpg 768w, https:\/\/xn--libert-financire-6pbj.com\/wp-content\/uploads\/2024\/12\/pexels-a-darmel-9040297-1024x1536.jpg 1024w, https:\/\/xn--libert-financire-6pbj.com\/wp-content\/uploads\/2024\/12\/pexels-a-darmel-9040297-1365x2048.jpg 1365w, https:\/\/xn--libert-financire-6pbj.com\/wp-content\/uploads\/2024\/12\/pexels-a-darmel-9040297-scaled.jpg 1707w\" sizes=\"(max-width: 683px) 100vw, 683px\" \/><\/figure><\/div>\n\n\n<p>La diff\u00e9rence entre les riches et les pauvres ne r\u00e9side pas simplement dans la quantit\u00e9 d&rsquo;argent qu&rsquo;ils poss\u00e8dent, mais dans leur \u00e9tat d&rsquo;esprit. Un individu qui se forme constamment, qui cherche \u00e0 s&rsquo;am\u00e9liorer et qui prend des initiatives, est en train de cr\u00e9er de la richesse. En revanche, celui qui bl\u00e2me constamment les autres, qui attend que l&rsquo;\u00c9tat ou quelqu&rsquo;un d&rsquo;autre r\u00e9solve ses probl\u00e8mes financiers, reste pauvre. Les riches croient en leur capacit\u00e9 \u00e0 cr\u00e9er de la richesse par leurs propres efforts, tandis que les pauvres attendent des aides ext\u00e9rieures.<\/p>\n\n\n\n<p>Permettez-moi de vous donner un exemple concret. Imaginons une personne qui trouve une somme importante d&rsquo;argent et d\u00e9cide de la remettre \u00e0 son propri\u00e9taire plut\u00f4t que de la garder pour elle-m\u00eame. Certains pourraient qualifier cette personne de na\u00efve, mais en r\u00e9alit\u00e9, elle d\u00e9montre une richesse int\u00e9rieure pr\u00e9cieuse. Sa probit\u00e9 et son int\u00e9grit\u00e9 lui apporteront des opportunit\u00e9s bien plus grandes \u00e0 long terme. En effet, cette personne pourrait se voir offrir des postes de confiance, gravir les \u00e9chelons professionnels et, finalement, g\u00e9rer des \u00e9quipes et des ressources importantes, atteignant une v\u00e9ritable prosp\u00e9rit\u00e9.<\/p>\n\n\n\n<p>La richesse est donc avant tout un \u00e9tat d&rsquo;esprit. Elle commence par l&rsquo;\u00e9ducation, le d\u00e9veloppement personnel et la capacit\u00e9 \u00e0 voir et \u00e0 saisir les opportunit\u00e9s. C&rsquo;est en investissant en nous-m\u00eames, en d\u00e9veloppant nos comp\u00e9tences et en ayant une vision positive et proactive de la vie que nous pouvons v\u00e9ritablement cr\u00e9er de la richesse.<\/p>\n\n\n<div class=\"wp-block-image\">\n<figure class=\"aligncenter size-large is-resized\"><img loading=\"lazy\" decoding=\"async\" width=\"1024\" height=\"1024\" src=\"https:\/\/xn--libert-financire-6pbj.com\/wp-content\/uploads\/2024\/12\/20Design-sans-titre-3-1024x1024.png\" alt=\"\" class=\"wp-image-649\" style=\"width:98px;height:auto\" srcset=\"https:\/\/xn--libert-financire-6pbj.com\/wp-content\/uploads\/2024\/12\/20Design-sans-titre-3-1024x1024.png 1024w, https:\/\/xn--libert-financire-6pbj.com\/wp-content\/uploads\/2024\/12\/20Design-sans-titre-3-300x300.png 300w, https:\/\/xn--libert-financire-6pbj.com\/wp-content\/uploads\/2024\/12\/20Design-sans-titre-3-150x150.png 150w, https:\/\/xn--libert-financire-6pbj.com\/wp-content\/uploads\/2024\/12\/20Design-sans-titre-3-768x768.png 768w, https:\/\/xn--libert-financire-6pbj.com\/wp-content\/uploads\/2024\/12\/20Design-sans-titre-3-1536x1536.png 1536w, https:\/\/xn--libert-financire-6pbj.com\/wp-content\/uploads\/2024\/12\/20Design-sans-titre-3-2048x2048.png 2048w\" sizes=\"(max-width: 1024px) 100vw, 1024px\" \/><\/figure><\/div>\n\n\n<p>En conclusion, la cr\u00e9ation de richesse ne d\u00e9pend pas uniquement de l&rsquo;argent que nous poss\u00e9dons, mais de notre capacit\u00e9 \u00e0 g\u00e9n\u00e9rer de la valeur par nos actions, notre savoir et notre d\u00e9termination. Cultivons cette intelligence financi\u00e8re, investissons en nous-m\u00eames et adoptons un \u00e9tat d&rsquo;esprit propice \u00e0 la cr\u00e9ation de richesse. C&rsquo;est ainsi que nous pourrons non seulement am\u00e9liorer notre propre vie, mais aussi avoir un impact positif et durable sur notre soci\u00e9t\u00e9.<\/p>\n\n\n\n<p>Je vous remercie de votre attention.<\/p>\n\n\n\n<p><strong><em><a href=\"https:\/\/guido-saverio-coach.com\/\">Guido SAVERIO<\/a><\/em><\/strong><\/p>\n\n\n<div class=\"wp-block-image\">\n<figure class=\"aligncenter size-full is-resized\"><img loading=\"lazy\" decoding=\"async\" width=\"267\" height=\"302\" src=\"https:\/\/xn--libert-financire-6pbj.com\/wp-content\/uploads\/2024\/12\/Capture-decran-2024-11-29-001916-1.png\" alt=\"\" class=\"wp-image-648\" style=\"width:135px;height:auto\" srcset=\"https:\/\/xn--libert-financire-6pbj.com\/wp-content\/uploads\/2024\/12\/Capture-decran-2024-11-29-001916-1.png 267w, https:\/\/xn--libert-financire-6pbj.com\/wp-content\/uploads\/2024\/12\/Capture-decran-2024-11-29-001916-1-265x300.png 265w\" sizes=\"(max-width: 267px) 100vw, 267px\" \/><\/figure><\/div>\n\n\n<ul>\n<li><a href=\"https:\/\/xn--libert-financire-6pbj.com\/index.php\/quels-sont-les-risques-des-mauvais-investissements\/\">Quels sont les risques des mauvais investissements ?<\/a><\/li>\n\n\n\n<li><a href=\"https:\/\/xn--libert-financire-6pbj.com\/index.php\/que-faire-en-cas-de-crise-economique\/\">Que faire en cas de crise \u00e9conomique ?<\/a><\/li>\n\n\n\n<li><a href=\"https:\/\/xn--libert-financire-6pbj.com\/index.php\/dois-je-souscrire-a-une-assurance-pour-proteger-mes-investissements\/\">Dois-je souscrire \u00e0 une assurance pour prot\u00e9ger mes investissements ?<\/a><\/li>\n\n\n\n<li><a href=\"https:\/\/xn--libert-financire-6pbj.com\/index.php\/comment-puis-je-proteger-mes-finances-contre-les-imprevus\/\">Comment puis-je prot\u00e9ger mes finances contre les impr\u00e9vus ?<\/a><\/li>\n\n\n\n<li><a href=\"https:\/\/xn--libert-financire-6pbj.com\/index.php\/comment-equilibrer-mes-objectifs-financiers-et-mes-besoins-a-court-terme\/\">Comment \u00e9quilibrer mes objectifs financiers et mes besoins \u00e0 court terme ?<\/a><\/li>\n\n\n\n<li><a href=\"https:\/\/xn--libert-financire-6pbj.com\/index.php\/faut-il-sacrifier-ses-loisirs-pour-atteindre-la-liberte-financiere\/\">Faut-il sacrifier ses loisirs pour atteindre la libert\u00e9 financi\u00e8re ?<\/a><\/li>\n\n\n\n<li><a href=\"https:\/\/xn--libert-financire-6pbj.com\/index.php\/comment-rester-motive-dans-mon-parcours-vers-la-liberte-financiere\/\">Comment rester motiv\u00e9 dans mon parcours vers la libert\u00e9 financi\u00e8re ?<\/a><\/li>\n\n\n\n<li><a href=\"https:\/\/xn--libert-financire-6pbj.com\/index.php\/quels-changements-dois-je-apporter-a-mon-mode-de-vie-pour-economiser-davantage\/\">Quels changements dois-je apporter \u00e0 mon mode de vie pour \u00e9conomiser davantage ?<\/a><\/li>\n\n\n\n<li><a href=\"https:\/\/xn--libert-financire-6pbj.com\/index.php\/quelles-competences-sont-importantes-pour-reussir-financierement\/\">Quelles comp\u00e9tences sont importantes pour r\u00e9ussir financi\u00e8rement ?<\/a><\/li>\n\n\n\n<li><a href=\"https:\/\/xn--libert-financire-6pbj.com\/index.php\/comment-puis-je-evaluer-mes-progres-vers-la-liberte-financiere\/\">Comment puis-je \u00e9valuer mes progr\u00e8s vers la libert\u00e9 financi\u00e8re ?<\/a><\/li>\n\n\n\n<li><a href=\"https:\/\/xn--libert-financire-6pbj.com\/index.php\/est-il-necessaire-davoir-un-conseiller-financier\/\">Est-il n\u00e9cessaire d\u2019avoir un conseiller financier ?<\/a><\/li>\n\n\n\n<li><a href=\"https:\/\/xn--libert-financire-6pbj.com\/index.php\/quels-livres-ou-ressources-me-conseillez-vous-pour-apprendre-a-gerer-mes-finances\/\">Quels livres ou ressources me conseillez-vous pour apprendre \u00e0 g\u00e9rer mes finances ?<\/a><\/li>\n\n\n\n<li><a href=\"https:\/\/xn--libert-financire-6pbj.com\/index.php\/comment-gerer-les-risques-lies-a-lentrepreneuriat\/\">Comment g\u00e9rer les risques li\u00e9s \u00e0 l\u2019entrepreneuriat ?<\/a><\/li>\n\n\n\n<li><a href=\"https:\/\/xn--libert-financire-6pbj.com\/index.php\/comment-puis-je-diversifier-mes-sources-de-revenus\/\">Comment puis-je diversifier mes sources de revenus ?<\/a><\/li>\n\n\n\n<li><a href=\"https:\/\/xn--libert-financire-6pbj.com\/index.php\/quelles-idees-de-business-peuvent-generer-des-revenus-supplementaires\/\">Quelles id\u00e9es de business peuvent g\u00e9n\u00e9rer des revenus suppl\u00e9mentaires ?<\/a><\/li>\n\n\n\n<li><a href=\"https:\/\/xn--libert-financire-6pbj.com\/index.php\/dois-je-creer-une-entreprise-pour-atteindre-la-liberte-financiere\/\">Dois-je cr\u00e9er une entreprise pour atteindre la libert\u00e9 financi\u00e8re ?<\/a><\/li>\n\n\n\n<li><a href=\"https:\/\/xn--libert-financire-6pbj.com\/index.php\/faut-il-un-capital-important-pour-investir\/\">Faut-il un capital important pour investir ?<\/a><\/li>\n\n\n\n<li><a href=\"https:\/\/xn--libert-financire-6pbj.com\/index.php\/quest-ce-que-linvestissement-dans-les-cryptomonnaies\/\">Qu\u2019est-ce que l\u2019investissement dans les cryptomonnaies ?<\/a><\/li>\n\n\n\n<li><a href=\"https:\/\/xn--libert-financire-6pbj.com\/index.php\/comment-fonctionne-la-bourse-et-comment-y-investir\/\">Comment fonctionne la bourse et comment y investir ?<\/a><\/li>\n\n\n\n<li><a href=\"https:\/\/xn--libert-financire-6pbj.com\/index.php\/quelle-est-la-difference-entre-investir-en-bourse-et-investir-dans-limmobilier\/\">Quelle est la diff\u00e9rence entre investir en bourse et investir dans l\u2019immobilier ?<\/a><\/li>\n\n\n\n<li><a href=\"https:\/\/xn--libert-financire-6pbj.com\/index.php\/quels-sont-les-meilleurs-investissements-pour-debuter\/\">Quels sont les meilleurs investissements pour d\u00e9buter ?<\/a><\/li>\n\n\n\n<li><a href=\"https:\/\/xn--libert-financire-6pbj.com\/index.php\/est-il-possible-de-vivre-uniquement-de-revenus-passifs\/\">Est-il possible de vivre uniquement de revenus passifs ?<\/a><\/li>\n\n\n\n<li><a href=\"https:\/\/xn--libert-financire-6pbj.com\/index.php\/quels-sont-les-risques-associes-au-revenu-passif\/\">Quels sont les risques associ\u00e9s au revenu passif ?<\/a><\/li>\n\n\n\n<li><a href=\"https:\/\/xn--libert-financire-6pbj.com\/index.php\/comment-puis-je-commencer-a-developper-des-revenus-passifs-avec-peu-de-capital\/\">Comment puis-je commencer \u00e0 d\u00e9velopper des revenus passifs avec peu de capital ?<\/a><\/li>\n\n\n\n<li><a href=\"https:\/\/xn--libert-financire-6pbj.com\/index.php\/quels-sont-des-exemples-de-sources-de-revenus-passifs\/\">Quels sont des exemples de sources de revenus passifs ?<\/a><\/li>\n\n\n\n<li><a href=\"https:\/\/xn--libert-financire-6pbj.com\/index.php\/quest-ce-quun-revenu-passif\/\">Qu\u2019est-ce qu\u2019un revenu passif ?<\/a><\/li>\n\n\n\n<li><a href=\"https:\/\/xn--libert-financire-6pbj.com\/index.php\/quelles-erreurs-courantes-dois-je-eviter-dans-la-gestion-de-mes-finances\/\">Quelles erreurs courantes dois-je \u00e9viter dans la gestion de mes finances ?<\/a><\/li>\n\n\n\n<li><a href=\"https:\/\/xn--libert-financire-6pbj.com\/index.php\/reduire-vos-dettes-rapidement-strategies-pour-un-renouveau-financier\/\">R\u00e9duire vos dettes rapidement : Strat\u00e9gies pour un renouveau financier<\/a><\/li>\n\n\n\n<li><a href=\"https:\/\/xn--libert-financire-6pbj.com\/index.php\/les-meilleurs-outils-pour-gerer-votre-budget-avec-efficacite\/\">Les meilleurs outils pour g\u00e9rer votre budget avec efficacit\u00e9<\/a><\/li>\n\n\n\n<li><a href=\"https:\/\/xn--libert-financire-6pbj.com\/index.php\/la-magie-de-lepargne-trouver-lequilibre-parfait-pour-votre-avenir\/\">La Magie de l\u2019\u00c9pargne : Trouver l\u2019\u00c9quilibre Parfait pour Votre Avenir<\/a><\/li>\n\n\n\n<li><a href=\"https:\/\/xn--libert-financire-6pbj.com\/index.php\/comment-commencer-a-economiser-de-largent-efficacement\/\">Comment commencer \u00e0 \u00e9conomiser de l\u2019argent efficacement<\/a><\/li>\n\n\n\n<li><a href=\"https:\/\/xn--libert-financire-6pbj.com\/index.php\/la-liberte-financiere-vs-lindependance-financiere-une-quete-emotionnelle-a-comprendre\/\">La libert\u00e9 financi\u00e8re vs l\u2019ind\u00e9pendance financi\u00e8re : une qu\u00eate \u00e9motionnelle \u00e0 comprendre<\/a><\/li>\n\n\n\n<li><a href=\"https:\/\/xn--libert-financire-6pbj.com\/index.php\/combien-de-temps-faut-il-pour-devenir-financierement-libre\/\">Combien de temps faut-il pour devenir financi\u00e8rement libre ?<\/a><\/li>\n\n\n\n<li><a href=\"https:\/\/xn--libert-financire-6pbj.com\/index.php\/la-liberte-financiere-est-elle-accessible-a-tout-le-monde\/\">La libert\u00e9 financi\u00e8re est-elle accessible \u00e0 tout le monde ?<\/a><\/li>\n\n\n\n<li><a href=\"https:\/\/xn--libert-financire-6pbj.com\/index.php\/pourquoi-est-il-important-datteindre-la-liberte-financiere\/\">Pourquoi est-il important d\u2019atteindre la libert\u00e9 financi\u00e8re ?<\/a><\/li>\n\n\n\n<li><a href=\"https:\/\/xn--libert-financire-6pbj.com\/index.php\/quest-ce-que-la-liberte-financiere\/\">Qu\u2019est-ce que la libert\u00e9 financi\u00e8re ?<\/a><\/li>\n<\/ul>\n","protected":false},"excerpt":{"rendered":"<p>Mesdames et Messieurs, Aujourd&rsquo;hui, je souhaite partager avec vous une vision de la richesse qui d\u00e9passe la simple possession de biens mat\u00e9riels ou d&rsquo;argent. La v\u00e9ritable richesse, celle qui perdure et qui a un impact profond sur notre vie et&#8230; <a href=\"https:\/\/xn--libert-financire-6pbj.com\/index.php\/comment-creer-de-la-richesse\/\" class=\"readmore\">Read more<span class=\"screen-reader-text\">comment cr\u00e9er de la richesse<\/span><span class=\"fa fa-angle-double-right\" aria-hidden=\"true\"><\/span><\/a><\/p>\n","protected":false},"author":1,"featured_media":0,"parent":0,"menu_order":0,"comment_status":"closed","ping_status":"closed","template":"","meta":{"footnotes":""},"_links":{"self":[{"href":"https:\/\/xn--libert-financire-6pbj.com\/index.php\/wp-json\/wp\/v2\/pages\/227"}],"collection":[{"href":"https:\/\/xn--libert-financire-6pbj.com\/index.php\/wp-json\/wp\/v2\/pages"}],"about":[{"href":"https:\/\/xn--libert-financire-6pbj.com\/index.php\/wp-json\/wp\/v2\/types\/page"}],"author":[{"embeddable":true,"href":"https:\/\/xn--libert-financire-6pbj.com\/index.php\/wp-json\/wp\/v2\/users\/1"}],"replies":[{"embeddable":true,"href":"https:\/\/xn--libert-financire-6pbj.com\/index.php\/wp-json\/wp\/v2\/comments?post=227"}],"version-history":[{"count":2,"href":"https:\/\/xn--libert-financire-6pbj.com\/index.php\/wp-json\/wp\/v2\/pages\/227\/revisions"}],"predecessor-version":[{"id":651,"href":"https:\/\/xn--libert-financire-6pbj.com\/index.php\/wp-json\/wp\/v2\/pages\/227\/revisions\/651"}],"wp:attachment":[{"href":"https:\/\/xn--libert-financire-6pbj.com\/index.php\/wp-json\/wp\/v2\/media?parent=227"}],"curies":[{"name":"wp","href":"https:\/\/api.w.org\/{rel}","templated":true}]}}