{"id":267,"date":"2024-07-30T12:13:59","date_gmt":"2024-07-30T12:13:59","guid":{"rendered":"https:\/\/xn--libert-financire-6pbj.com\/?page_id=267"},"modified":"2024-07-30T12:14:00","modified_gmt":"2024-07-30T12:14:00","slug":"dites-adieu-a-la-dette-et-bonjour-a-la-liberte-financiere","status":"publish","type":"page","link":"https:\/\/xn--libert-financire-6pbj.com\/index.php\/dites-adieu-a-la-dette-et-bonjour-a-la-liberte-financiere\/","title":{"rendered":"Dites Adieu \u00e0 la Dette et Bonjour \u00e0 la Libert\u00e9 Financi\u00e8re"},"content":{"rendered":"\n<p><strong>Bonjour et bienvenue !<\/strong><\/p>\n\n\n\n<p>Aujourd&rsquo;hui, je vais te montrer comment dire adieu \u00e0 la dette et bonjour \u00e0 la libert\u00e9 financi\u00e8re. C&rsquo;est plus simple que tu ne le penses et je vais t&rsquo;expliquer cela de mani\u00e8re claire et facile \u00e0 suivre.<\/p>\n\n\n\n<p><strong>1. Comprends ta situation financi\u00e8re<\/strong><\/p>\n\n\n\n<p>D&rsquo;abord, il faut savoir o\u00f9 tu en es. Note toutes tes dettes : cartes de cr\u00e9dit, pr\u00eats \u00e9tudiants, pr\u00eats auto, etc. Ensuite, liste tes revenus et tes d\u00e9penses. Cela te donnera une image claire de ta situation.<\/p>\n\n\n\n<p><strong>Exemple concret :<\/strong> Imagine que tu gagnes 2000\u20ac par mois. Tu as une dette de carte de cr\u00e9dit de 5000\u20ac et un pr\u00eat \u00e9tudiant de 15000\u20ac. Tes d\u00e9penses mensuelles sont de 1500\u20ac. Cela te laisse 500\u20ac par mois pour rembourser tes dettes.<\/p>\n\n\n\n<p><strong>2. Fais un plan de remboursement<\/strong><\/p>\n\n\n\n<p>Maintenant, priorise tes dettes. Une m\u00e9thode populaire est la m\u00e9thode de la boule de neige. Commence par rembourser la plus petite dette tout en payant le minimum sur les autres. Une fois la plus petite dette rembours\u00e9e, passe \u00e0 la suivante, et ainsi de suite.<\/p>\n\n\n\n<p><strong>Exemple concret :<\/strong> Si tu as une dette de 1000\u20ac et une autre de 5000\u20ac, commence par rembourser celle de 1000\u20ac. Cela te donnera un sentiment d&rsquo;accomplissement et te motivera \u00e0 continuer.<\/p>\n\n\n\n<p><strong>3. R\u00e9duis tes d\u00e9penses<\/strong><\/p>\n\n\n\n<p>Cherche des moyens de r\u00e9duire tes d\u00e9penses. Cela pourrait signifier cuisiner \u00e0 la maison au lieu de manger dehors, annuler des abonnements inutiles ou acheter des v\u00eatements d&rsquo;occasion.<\/p>\n\n\n\n<p><strong>Exemple concret :<\/strong> Si tu d\u00e9penses 100\u20ac par mois en caf\u00e9 \u00e0 emporter, essaie de pr\u00e9parer ton caf\u00e9 \u00e0 la maison. Tu pourrais \u00e9conomiser environ 90\u20ac par mois !<\/p>\n\n\n\n<p><strong>4. Augmente tes revenus<\/strong><\/p>\n\n\n\n<p>Trouve des moyens d&rsquo;augmenter tes revenus. Cela pourrait \u00eatre un emploi \u00e0 temps partiel, vendre des objets dont tu n&rsquo;as plus besoin, ou m\u00eame des petits boulots comme le babysitting ou le dog-sitting.<\/p>\n\n\n\n<p><strong>Exemple concret :<\/strong> Si tu fais du babysitting le week-end et gagnes 100\u20ac par mois, tu peux utiliser cet argent pour acc\u00e9l\u00e9rer le remboursement de tes dettes.<\/p>\n\n\n\n<p><strong>5. Cr\u00e9e un fonds d&rsquo;urgence<\/strong><\/p>\n\n\n\n<p>Une fois que tu as commenc\u00e9 \u00e0 r\u00e9duire tes dettes, il est important de mettre de l&rsquo;argent de c\u00f4t\u00e9 pour les urgences. Cela t&rsquo;\u00e9vitera de retomber dans la dette si un impr\u00e9vu survient.<\/p>\n\n\n\n<p><strong>Exemple concret :<\/strong> Mets de c\u00f4t\u00e9 1000\u20ac en cas d&rsquo;urgence, comme une r\u00e9paration de voiture ou une facture m\u00e9dicale inattendue.<\/p>\n\n\n\n<p><strong>6. Investis dans ton avenir<\/strong><\/p>\n\n\n\n<p>Une fois que tu as rembours\u00e9 tes dettes et constitu\u00e9 un fonds d&rsquo;urgence, commence \u00e0 investir dans ton avenir. Cela peut inclure des placements financiers, des formations pour am\u00e9liorer tes comp\u00e9tences ou l&rsquo;achat d&rsquo;une maison.<\/p>\n\n\n\n<p><strong>Exemple concret :<\/strong> Si tu mets de c\u00f4t\u00e9 200\u20ac par mois dans un compte \u00e9pargne ou un investissement, tu verras ton argent cro\u00eetre avec le temps gr\u00e2ce aux int\u00e9r\u00eats.<\/p>\n\n\n\n<p><strong>Conclusion<\/strong><\/p>\n\n\n\n<p>En suivant ces \u00e9tapes, tu seras sur la voie de la libert\u00e9 financi\u00e8re. N&rsquo;oublie pas, chaque petit pas compte. Rembourser tes dettes et g\u00e9rer ton argent de mani\u00e8re efficace te permettra de vivre sans stress financier et de profiter pleinement de ta vie.<\/p>\n\n\n\n<p><strong>Motivation finale :<\/strong> Tu peux le faire ! Chaque effort que tu fais aujourd&rsquo;hui te rapproche de la libert\u00e9 financi\u00e8re. Imagine un avenir o\u00f9 tu n&rsquo;as plus \u00e0 t&rsquo;inqui\u00e9ter des dettes et o\u00f9 tu peux faire ce que tu veux avec ton argent. \u00c7a vaut vraiment la peine, non ? Alors, commence d\u00e8s aujourd&rsquo;hui et dis adieu \u00e0 la dette !<\/p>\n\n\n\n<p>Bonne chance, tu es sur la bonne voie !<\/p>\n\n\n\n<p><strong><em><a href=\"https:\/\/guido-saverio-coach.com\/\">Guido SAVERIO<\/a><\/em><\/strong><\/p>\n","protected":false},"excerpt":{"rendered":"<p>Bonjour et bienvenue ! Aujourd&rsquo;hui, je vais te montrer comment dire adieu \u00e0 la dette et bonjour \u00e0 la libert\u00e9 financi\u00e8re. C&rsquo;est plus simple que tu ne le penses et je vais t&rsquo;expliquer cela de mani\u00e8re claire et facile \u00e0&#8230; <a href=\"https:\/\/xn--libert-financire-6pbj.com\/index.php\/dites-adieu-a-la-dette-et-bonjour-a-la-liberte-financiere\/\" class=\"readmore\">Read more<span class=\"screen-reader-text\">Dites Adieu \u00e0 la Dette et Bonjour \u00e0 la Libert\u00e9 Financi\u00e8re<\/span><span class=\"fa fa-angle-double-right\" aria-hidden=\"true\"><\/span><\/a><\/p>\n","protected":false},"author":1,"featured_media":0,"parent":0,"menu_order":0,"comment_status":"closed","ping_status":"closed","template":"","meta":{"footnotes":""},"_links":{"self":[{"href":"https:\/\/xn--libert-financire-6pbj.com\/index.php\/wp-json\/wp\/v2\/pages\/267"}],"collection":[{"href":"https:\/\/xn--libert-financire-6pbj.com\/index.php\/wp-json\/wp\/v2\/pages"}],"about":[{"href":"https:\/\/xn--libert-financire-6pbj.com\/index.php\/wp-json\/wp\/v2\/types\/page"}],"author":[{"embeddable":true,"href":"https:\/\/xn--libert-financire-6pbj.com\/index.php\/wp-json\/wp\/v2\/users\/1"}],"replies":[{"embeddable":true,"href":"https:\/\/xn--libert-financire-6pbj.com\/index.php\/wp-json\/wp\/v2\/comments?post=267"}],"version-history":[{"count":1,"href":"https:\/\/xn--libert-financire-6pbj.com\/index.php\/wp-json\/wp\/v2\/pages\/267\/revisions"}],"predecessor-version":[{"id":268,"href":"https:\/\/xn--libert-financire-6pbj.com\/index.php\/wp-json\/wp\/v2\/pages\/267\/revisions\/268"}],"wp:attachment":[{"href":"https:\/\/xn--libert-financire-6pbj.com\/index.php\/wp-json\/wp\/v2\/media?parent=267"}],"curies":[{"name":"wp","href":"https:\/\/api.w.org\/{rel}","templated":true}]}}