{"id":463,"date":"2024-09-28T15:12:43","date_gmt":"2024-09-28T15:12:43","guid":{"rendered":"https:\/\/xn--libert-financire-6pbj.com\/?page_id=463"},"modified":"2024-09-28T15:12:44","modified_gmt":"2024-09-28T15:12:44","slug":"strategies-pratiques-pour-augmenter-vos-revenus-et-votre-liberte-financiere","status":"publish","type":"page","link":"https:\/\/xn--libert-financire-6pbj.com\/index.php\/strategies-pratiques-pour-augmenter-vos-revenus-et-votre-liberte-financiere\/","title":{"rendered":"Strat\u00e9gies pratiques pour augmenter vos revenus et votre libert\u00e9 financi\u00e8re"},"content":{"rendered":"\n<h3 class=\"wp-block-heading\"><\/h3>\n\n\n\n<ol>\n<li><strong>D\u00e9velopper ses comp\u00e9tences<\/strong> : Augmenter la valeur que vous apportez sur le march\u00e9 en acqu\u00e9rant des comp\u00e9tences recherch\u00e9es (num\u00e9riques, techniques, manag\u00e9riales, etc.).<\/li>\n\n\n\n<li><strong>Investir intelligemment<\/strong> : Apprendre \u00e0 investir dans des actifs qui g\u00e9n\u00e8rent des revenus passifs, comme l\u2019immobilier, les actions ou les entreprises.<\/li>\n\n\n\n<li><strong>Lancer une activit\u00e9 parall\u00e8le<\/strong> : Cr\u00e9er une activit\u00e9 entrepreneuriale en parall\u00e8le de votre emploi principal peut diversifier vos sources de revenus.<\/li>\n\n\n\n<li><strong>\u00c9viter les pi\u00e8ges du cr\u00e9dit \u00e0 la consommation<\/strong> : R\u00e9duisez au maximum les achats \u00e0 cr\u00e9dit et concentrez-vous sur l&rsquo;accumulation d&rsquo;actifs.<\/li>\n<\/ol>\n\n\n\n<p>Pour aller plus loin voyez : <strong><em><a href=\"https:\/\/devenezundiamant.com\/les-lois-du-succes-financier-pour-augmenter-ses-revenus-et-gagner-en-liberte\/\">Les lois du succ\u00e8s financier pour augmenter ses revenus et gagner en libert\u00e9<\/a><\/em><\/strong><\/p>\n\n\n\n<p><strong><em><a href=\"https:\/\/guido-saverio-coach.com\/\">Guido SAVERIO<\/a><\/em><\/strong><\/p>\n","protected":false},"excerpt":{"rendered":"<p>Pour aller plus loin voyez : Les lois du succ\u00e8s financier pour augmenter ses revenus et gagner en libert\u00e9 Guido SAVERIO<\/p>\n","protected":false},"author":1,"featured_media":0,"parent":0,"menu_order":0,"comment_status":"closed","ping_status":"closed","template":"","meta":{"footnotes":""},"_links":{"self":[{"href":"https:\/\/xn--libert-financire-6pbj.com\/index.php\/wp-json\/wp\/v2\/pages\/463"}],"collection":[{"href":"https:\/\/xn--libert-financire-6pbj.com\/index.php\/wp-json\/wp\/v2\/pages"}],"about":[{"href":"https:\/\/xn--libert-financire-6pbj.com\/index.php\/wp-json\/wp\/v2\/types\/page"}],"author":[{"embeddable":true,"href":"https:\/\/xn--libert-financire-6pbj.com\/index.php\/wp-json\/wp\/v2\/users\/1"}],"replies":[{"embeddable":true,"href":"https:\/\/xn--libert-financire-6pbj.com\/index.php\/wp-json\/wp\/v2\/comments?post=463"}],"version-history":[{"count":1,"href":"https:\/\/xn--libert-financire-6pbj.com\/index.php\/wp-json\/wp\/v2\/pages\/463\/revisions"}],"predecessor-version":[{"id":464,"href":"https:\/\/xn--libert-financire-6pbj.com\/index.php\/wp-json\/wp\/v2\/pages\/463\/revisions\/464"}],"wp:attachment":[{"href":"https:\/\/xn--libert-financire-6pbj.com\/index.php\/wp-json\/wp\/v2\/media?parent=463"}],"curies":[{"name":"wp","href":"https:\/\/api.w.org\/{rel}","templated":true}]}}