{"id":49,"date":"2023-08-09T21:59:35","date_gmt":"2023-08-09T21:59:35","guid":{"rendered":"https:\/\/xn--libert-financire-6pbj.com\/?page_id=49"},"modified":"2024-09-10T12:08:44","modified_gmt":"2024-09-10T12:08:44","slug":"a-propos","status":"publish","type":"page","link":"https:\/\/xn--libert-financire-6pbj.com\/index.php\/a-propos\/","title":{"rendered":"A PROPOS"},"content":{"rendered":"\n<p><strong>Un Voyage Guid\u00e9 par l&rsquo;Amour et l&rsquo;Abondance<\/strong><\/p>\n\n\n\n<p>\u00c0 ceux qui ont \u00e9clair\u00e9 ma route et rempli chaque chapitre de ma vie de lumi\u00e8re et d&rsquo;amour,<\/p>\n\n\n\n<p>Ces mots que vous tenez entre vos mains ne sont pas simplement des lettres imprim\u00e9es sur du papier. Ce livre, \u00ab\u00a0Libert\u00e9 Financi\u00e8re \u00e0 Port\u00e9e de Main : Le Plan d&rsquo;Action Ultime,\u00a0\u00bb est le fruit d&rsquo;une qu\u00eate personnelle, d&rsquo;un voyage int\u00e9rieur et ext\u00e9rieur qui a \u00e9t\u00e9 guid\u00e9 par l&rsquo;amour, la pers\u00e9v\u00e9rance et le soutien inestimable de nombreuses personnes qui ont crois\u00e9 mon chemin.<\/p>\n\n\n\n<p>\u00c0 mes proches, ma famille et mes amis, je vous d\u00e9die ce livre avec un c\u0153ur reconnaissant. Votre soutien ind\u00e9fectible a \u00e9t\u00e9 la source de ma force et de mon inspiration. Vos encouragements, vos conseils et votre amour ont \u00e9t\u00e9 les pierres fondatrices sur lesquelles j&rsquo;ai b\u00e2ti mes r\u00eaves et accompli mes objectifs. Chaque page de ce livre refl\u00e8te votre pr\u00e9sence constante dans ma vie, et je vous en suis profond\u00e9ment reconnaissant.<\/p>\n\n\n\n<p>\u00c0 mes mentors et enseignants, qui ont partag\u00e9 leur sagesse avec g\u00e9n\u00e9rosit\u00e9, je vous rends hommage. Votre guidance m&rsquo;a \u00e9clair\u00e9 dans les moments d&rsquo;obscurit\u00e9, m&rsquo;a pouss\u00e9 \u00e0 d\u00e9passer mes limites et m&rsquo;a montr\u00e9 les chemins vers la r\u00e9ussite. Vous \u00eates les \u00e9toiles qui ont illumin\u00e9 mon ciel, me guidant toujours vers le sommet de mes aspirations.<\/p>\n\n\n\n<p>Aux entrepreneurs, aux m\u00e9decins, au personnel m\u00e9dical, aux professions lib\u00e9rales et aux entreprises en difficult\u00e9 que j&rsquo;ai eu l&rsquo;honneur d&rsquo;accompagner depuis 1984, vous avez \u00e9t\u00e9 mes collaborateurs, mes partenaires et mes amis. Chacun de vous a apport\u00e9 une dimension unique \u00e0 ma vie et a enrichi mon exp\u00e9rience. Vos d\u00e9fis et vos succ\u00e8s ont \u00e9t\u00e9 une source d&rsquo;inspiration constante, me rappelant l&rsquo;importance de mon engagement \u00e0 vous aider \u00e0 atteindre et \u00e0 pr\u00e9server la libert\u00e9 financi\u00e8re.<\/p>\n\n\n\n<p>Chaque personne qui a crois\u00e9 mon chemin, qu&rsquo;elle ait \u00e9t\u00e9 un compagnon de voyage de longue date ou un ami de passage, a contribu\u00e9 \u00e0 fa\u00e7onner le puzzle de ma vie. Chaque exp\u00e9rience, chaque conversation, chaque sourire a \u00e9t\u00e9 une pi\u00e8ce du puzzle qui a finalement form\u00e9 le tableau de ma r\u00e9alit\u00e9 actuelle.<\/p>\n\n\n\n<p>Ce livre et ce site, est le t\u00e9moignage de mon engagement envers vous tous. Chaque chapitre est une lettre d&rsquo;amour, une expression de gratitude et une offrande d&rsquo;abondance. Puissent ces pages inspirer et guider chacun d&rsquo;entre vous dans votre propre voyage vers la libert\u00e9 financi\u00e8re et l&rsquo;accomplissement.<\/p>\n\n\n\n<p>Avec un c\u0153ur rempli de reconnaissance et d&rsquo;espoir,<\/p>\n\n\n\n<p><strong><em><a href=\"https:\/\/guido-saverio-coach.com\/\">Guido Saverio<\/a><\/em><\/strong><\/p>\n","protected":false},"excerpt":{"rendered":"<p>Un Voyage Guid\u00e9 par l&rsquo;Amour et l&rsquo;Abondance \u00c0 ceux qui ont \u00e9clair\u00e9 ma route et rempli chaque chapitre de ma vie de lumi\u00e8re et d&rsquo;amour, Ces mots que vous tenez entre vos mains ne sont pas simplement des lettres imprim\u00e9es&#8230; <a href=\"https:\/\/xn--libert-financire-6pbj.com\/index.php\/a-propos\/\" class=\"readmore\">Read more<span class=\"screen-reader-text\">A PROPOS<\/span><span class=\"fa fa-angle-double-right\" aria-hidden=\"true\"><\/span><\/a><\/p>\n","protected":false},"author":1,"featured_media":0,"parent":0,"menu_order":0,"comment_status":"closed","ping_status":"closed","template":"","meta":{"footnotes":""},"_links":{"self":[{"href":"https:\/\/xn--libert-financire-6pbj.com\/index.php\/wp-json\/wp\/v2\/pages\/49"}],"collection":[{"href":"https:\/\/xn--libert-financire-6pbj.com\/index.php\/wp-json\/wp\/v2\/pages"}],"about":[{"href":"https:\/\/xn--libert-financire-6pbj.com\/index.php\/wp-json\/wp\/v2\/types\/page"}],"author":[{"embeddable":true,"href":"https:\/\/xn--libert-financire-6pbj.com\/index.php\/wp-json\/wp\/v2\/users\/1"}],"replies":[{"embeddable":true,"href":"https:\/\/xn--libert-financire-6pbj.com\/index.php\/wp-json\/wp\/v2\/comments?post=49"}],"version-history":[{"count":2,"href":"https:\/\/xn--libert-financire-6pbj.com\/index.php\/wp-json\/wp\/v2\/pages\/49\/revisions"}],"predecessor-version":[{"id":316,"href":"https:\/\/xn--libert-financire-6pbj.com\/index.php\/wp-json\/wp\/v2\/pages\/49\/revisions\/316"}],"wp:attachment":[{"href":"https:\/\/xn--libert-financire-6pbj.com\/index.php\/wp-json\/wp\/v2\/media?parent=49"}],"curies":[{"name":"wp","href":"https:\/\/api.w.org\/{rel}","templated":true}]}}