{"id":551,"date":"2024-12-15T13:58:41","date_gmt":"2024-12-15T13:58:41","guid":{"rendered":"https:\/\/xn--libert-financire-6pbj.com\/?page_id=551"},"modified":"2025-03-01T21:44:58","modified_gmt":"2025-03-01T21:44:58","slug":"articles","status":"publish","type":"page","link":"https:\/\/xn--libert-financire-6pbj.com\/index.php\/articles\/","title":{"rendered":"ARTICLES"},"content":{"rendered":"\n<ul>\n<li><a href=\"https:\/\/xn--libert-financire-6pbj.com\/index.php\/liberte-financiere-a-portee-de-main-30-chapitres\/?customize_changeset_uuid=01fbcfd0-e727-44f5-9efd-b42b65c723f3&amp;customize_messenger_channel=preview-0\">Libert\u00e9 Financi\u00e8re \u00e0 Port\u00e9e de Main \u2013 30 chapitres<\/a><\/li>\n\n\n\n<li><a href=\"https:\/\/xn--libert-financire-6pbj.com\/index.php\/strategies-pratiques-pour-augmenter-vos-revenus-et-votre-liberte-financiere\/?customize_changeset_uuid=01fbcfd0-e727-44f5-9efd-b42b65c723f3&amp;customize_messenger_channel=preview-0\">Strat\u00e9gies pratiques pour augmenter vos revenus et votre libert\u00e9 financi\u00e8re<\/a><\/li>\n\n\n\n<li><a href=\"https:\/\/xn--libert-financire-6pbj.com\/index.php\/articles\/?customize_changeset_uuid=01fbcfd0-e727-44f5-9efd-b42b65c723f3&amp;customize_messenger_channel=preview-0\">ARTICLES<\/a><\/li>\n\n\n\n<li><a href=\"https:\/\/xn--libert-financire-6pbj.com\/index.php\/comment-creer-de-la-richesse\/?customize_changeset_uuid=01fbcfd0-e727-44f5-9efd-b42b65c723f3&amp;customize_messenger_channel=preview-0\">comment cr\u00e9er de la richesse<\/a><\/li>\n\n\n\n<li><a href=\"https:\/\/xn--libert-financire-6pbj.com\/index.php\/plaie-dargent-nest-pas-mortelle\/?customize_changeset_uuid=01fbcfd0-e727-44f5-9efd-b42b65c723f3&amp;customize_messenger_channel=preview-0\">Plaie d\u2019argent n\u2019est pas mortelle<\/a><\/li>\n\n\n\n<li><a href=\"https:\/\/xn--libert-financire-6pbj.com\/index.php\/la-magie-de-noel-pour-reveiller-vos-passions-et-redefinir-vos-objectifs-de-vie\/?customize_changeset_uuid=01fbcfd0-e727-44f5-9efd-b42b65c723f3&amp;customize_messenger_channel=preview-0\">La magie de No\u00ebl pour r\u00e9veiller vos passions et red\u00e9finir vos objectifs de vie<\/a><\/li>\n\n\n\n<li><a href=\"https:\/\/xn--libert-financire-6pbj.com\/index.php\/25-facons-de-gagner-de-largent-solutions-pratiques-pour-ameliorer-vos-revenus\/?customize_changeset_uuid=01fbcfd0-e727-44f5-9efd-b42b65c723f3&amp;customize_messenger_channel=preview-0\">25 Fa\u00e7ons de Gagner de l\u2019Argent : Solutions Pratiques pour Am\u00e9liorer Vos Revenus<\/a><\/li>\n\n\n\n<li><a href=\"https:\/\/xn--libert-financire-6pbj.com\/index.php\/4-principes-fondamentaux-pour-acquerir-votre-independance-financiere\/?customize_changeset_uuid=01fbcfd0-e727-44f5-9efd-b42b65c723f3&amp;customize_messenger_channel=preview-0\">4 Principes Fondamentaux pour Acqu\u00e9rir Votre Ind\u00e9pendance Financi\u00e8re<\/a><\/li>\n\n\n\n<li><a href=\"https:\/\/xn--libert-financire-6pbj.com\/index.php\/transformez-votre-salaire-en-machine-a-liberte-financiere\/?customize_changeset_uuid=01fbcfd0-e727-44f5-9efd-b42b65c723f3&amp;customize_messenger_channel=preview-0\">Transformez Votre Salaire en Machine \u00e0 Libert\u00e9 Financi\u00e8re<\/a><\/li>\n\n\n\n<li><a href=\"https:\/\/xn--libert-financire-6pbj.com\/index.php\/les-secrets-caches-pour-attirer-largent-au-quotidien\/?customize_changeset_uuid=01fbcfd0-e727-44f5-9efd-b42b65c723f3&amp;customize_messenger_channel=preview-0\">Les Secrets Cach\u00e9s pour Attirer l\u2019Argent au Quotidien<\/a><\/li>\n\n\n\n<li><a href=\"https:\/\/xn--libert-financire-6pbj.com\/index.php\/chaque-jour-plus-riche-les-cles-simples-pour-booster-vos-revenus\/?customize_changeset_uuid=01fbcfd0-e727-44f5-9efd-b42b65c723f3&amp;customize_messenger_channel=preview-0\">Chaque Jour Plus Riche : Les Cl\u00e9s Simples pour Booster Vos Revenus<\/a><\/li>\n\n\n\n<li><a href=\"https:\/\/xn--libert-financire-6pbj.com\/index.php\/largent-en-mode-automatique-comment-faire-travailler-votre-argent-pour-vous\/?customize_changeset_uuid=01fbcfd0-e727-44f5-9efd-b42b65c723f3&amp;customize_messenger_channel=preview-0\">L\u2019Argent en Mode Automatique : Comment Faire Travailler Votre Argent pour Vous<\/a><\/li>\n\n\n\n<li><a href=\"https:\/\/xn--libert-financire-6pbj.com\/index.php\/le-pouvoir-de-labondance-transformez-vos-habitudes-pour-gagner-plus\/?customize_changeset_uuid=01fbcfd0-e727-44f5-9efd-b42b65c723f3&amp;customize_messenger_channel=preview-0\">Le Pouvoir de l\u2019Abondance : Transformez Vos Habitudes pour Gagner Plus<\/a><\/li>\n\n\n\n<li><a href=\"https:\/\/xn--libert-financire-6pbj.com\/index.php\/tu-crois-que-ton-job-est-sur\/?customize_changeset_uuid=01fbcfd0-e727-44f5-9efd-b42b65c723f3&amp;customize_messenger_channel=preview-0\">Tu crois que ton job est s\u00fbr ?<\/a><\/li>\n\n\n\n<li><a href=\"https:\/\/xn--libert-financire-6pbj.com\/index.php\/ta-banque-ne-veut-pas-que-tu-saches-ca-la-liberte-financiere-est-plus-simple-que-tu-le-crois\/?customize_changeset_uuid=01fbcfd0-e727-44f5-9efd-b42b65c723f3&amp;customize_messenger_channel=preview-0\">Ta banque ne veut pas que tu saches \u00e7a : la libert\u00e9 financi\u00e8re est plus simple que tu le crois<\/a><\/li>\n\n\n\n<li><a href=\"https:\/\/xn--libert-financire-6pbj.com\/index.php\/ils-tont-appris-a-travailler-dur-pas-a-devenir-libre-il-est-temps-de-desapprendre\/?customize_changeset_uuid=01fbcfd0-e727-44f5-9efd-b42b65c723f3&amp;customize_messenger_channel=preview-0\">Ils t\u2019ont appris \u00e0 travailler dur, pas \u00e0 devenir libre. Il est temps de d\u00e9sapprendre.<\/a><\/li>\n\n\n\n<li><a href=\"https:\/\/xn--libert-financire-6pbj.com\/index.php\/etre-fauche-cest-pas-une-fatalite-cest-un-programme-quon-ta-installe\/?customize_changeset_uuid=01fbcfd0-e727-44f5-9efd-b42b65c723f3&amp;customize_messenger_channel=preview-0\">\u201c\u00catre fauch\u00e9, c\u2019est pas une fatalit\u00e9. C\u2019est un programme qu\u2019on t\u2019a install\u00e9.\u201d<\/a><\/li>\n\n\n\n<li><a href=\"https:\/\/xn--libert-financire-6pbj.com\/index.php\/les-ecoles-ne-tapprennent-pas-a-etre-riche-elles-tapprennent-a-etre-un-bon-salarie-leducation-financiere-est-ta-cle\/?customize_changeset_uuid=01fbcfd0-e727-44f5-9efd-b42b65c723f3&amp;customize_messenger_channel=preview-0\">Les \u00e9coles ne t\u2019apprennent pas \u00e0 \u00eatre riche, elles t\u2019apprennent \u00e0 \u00eatre un bon salari\u00e9. L\u2019\u00e9ducation financi\u00e8re est ta cl\u00e9.<\/a><\/li>\n\n\n\n<li><a href=\"https:\/\/xn--libert-financire-6pbj.com\/index.php\/les-4-lois-du-succes-financier-que-les-banques-prient-pour-que-tu-ignores\/?customize_changeset_uuid=01fbcfd0-e727-44f5-9efd-b42b65c723f3&amp;customize_messenger_channel=preview-0\">Les 4 lois du succ\u00e8s financier que les banques prient pour que tu ignores !<\/a><\/li>\n\n\n\n<li><a href=\"https:\/\/xn--libert-financire-6pbj.com\/index.php\/travaille-dur-reste-pauvre-pense-differemment-deviens-libre\/?customize_changeset_uuid=01fbcfd0-e727-44f5-9efd-b42b65c723f3&amp;customize_messenger_channel=preview-0\">Travaille dur, reste pauvre. Pense diff\u00e9remment, deviens libre !<\/a><\/li>\n\n\n\n<li><a href=\"https:\/\/xn--libert-financire-6pbj.com\/index.php\/arrete-de-vendre-ton-temps-commence-a-vendre-de-la-valeur-et-regarde-tes-revenus-exploser\/?customize_changeset_uuid=01fbcfd0-e727-44f5-9efd-b42b65c723f3&amp;customize_messenger_channel=preview-0\">Arr\u00eate de vendre ton temps. Commence \u00e0 vendre de la valeur et regarde tes revenus exploser.<\/a><\/li>\n\n\n\n<li><a href=\"https:\/\/xn--libert-financire-6pbj.com\/index.php\/libere-toi-des-chaines-de-la-pauvrete-la-rebellion-commence-ici-et-maintenant\/?customize_changeset_uuid=01fbcfd0-e727-44f5-9efd-b42b65c723f3&amp;customize_messenger_channel=preview-0\">Lib\u00e8re-toi des Cha\u00eenes de la Pauvret\u00e9 : La R\u00e9bellion Commence Ici et Maintenant<\/a><\/li>\n\n\n\n<li><a href=\"https:\/\/xn--libert-financire-6pbj.com\/index.php\/largent-ne-dort-jamais-mais-toi-si-reveille-toi-et-prends-le\/?customize_changeset_uuid=01fbcfd0-e727-44f5-9efd-b42b65c723f3&amp;customize_messenger_channel=preview-0\">L\u2019argent ne dort jamais, mais toi si. R\u00e9veille-toi et prends-le !<\/a><\/li>\n\n\n\n<li><a href=\"https:\/\/xn--libert-financire-6pbj.com\/index.php\/arrete-de-rever-pauvre-le-guide-pour-attirer-largent-en-desobeissant-aux-regles\/?customize_changeset_uuid=01fbcfd0-e727-44f5-9efd-b42b65c723f3&amp;customize_messenger_channel=preview-0\">Arr\u00eate de r\u00eaver pauvre : Le guide pour attirer l\u2019argent en d\u00e9sob\u00e9issant aux r\u00e8gles<\/a><\/li>\n\n\n\n<li><a href=\"https:\/\/xn--libert-financire-6pbj.com\/index.php\/les-pauvres-suivent-des-conseils-les-riches-appliquent-des-strategies-voici-la-difference\/?customize_changeset_uuid=01fbcfd0-e727-44f5-9efd-b42b65c723f3&amp;customize_messenger_channel=preview-0\">Les pauvres suivent des conseils. Les riches appliquent des strat\u00e9gies. Voici la diff\u00e9rence.<\/a><\/li>\n\n\n\n<li><a href=\"https:\/\/xn--libert-financire-6pbj.com\/index.php\/assez-de-blabla-place-a-laction-les-strategies-concretes-pour-se-faire-des-millions\/?customize_changeset_uuid=01fbcfd0-e727-44f5-9efd-b42b65c723f3&amp;customize_messenger_channel=preview-0\">Assez de blabla, place \u00e0 l\u2019action : Les strat\u00e9gies concr\u00e8tes pour se faire des millions<\/a><\/li>\n\n\n\n<li><a href=\"https:\/\/xn--libert-financire-6pbj.com\/index.php\/si-tu-veux-gagner-gros-arrete-de-suivre-les-regles-et-applique-ces-strategies-audacieuses\/?customize_changeset_uuid=01fbcfd0-e727-44f5-9efd-b42b65c723f3&amp;customize_messenger_channel=preview-0\">Si tu veux gagner gros, arr\u00eate de suivre les r\u00e8gles et applique ces strat\u00e9gies audacieuses<\/a><\/li>\n\n\n\n<li><a href=\"https:\/\/xn--libert-financire-6pbj.com\/index.php\/plus-dexcuses-largent-ca-se-merite-avec-des-strategies-sans-pitie\/?customize_changeset_uuid=01fbcfd0-e727-44f5-9efd-b42b65c723f3&amp;customize_messenger_channel=preview-0\">Plus d\u2019excuses : l\u2019argent, \u00e7a se m\u00e9rite avec des strat\u00e9gies sans piti\u00e9 !<\/a><\/li>\n\n\n\n<li><a href=\"https:\/\/xn--libert-financire-6pbj.com\/index.php\/les-conseils-financiers-quon-vous-donne-sont-des-mensonges-voici-pourquoi-vous-ne-devriez-jamais-leur-faire-confiance\/?customize_changeset_uuid=01fbcfd0-e727-44f5-9efd-b42b65c723f3&amp;customize_messenger_channel=preview-0\">Les Conseils Financiers Qu\u2019on Vous Donne Sont Des Mensonges. Voici Pourquoi Vous Ne Devriez Jamais Leur Faire Confiance.<\/a><\/li>\n\n\n\n<li><a href=\"https:\/\/xn--libert-financire-6pbj.com\/index.php\/la-verite-que-personne-ne-vous-dit-vous-etes-juste-un-jouet-dans-le-jeu-des-riches\/?customize_changeset_uuid=01fbcfd0-e727-44f5-9efd-b42b65c723f3&amp;customize_messenger_channel=preview-0\">La v\u00e9rit\u00e9 que personne ne vous dit : Vous \u00eates juste un jouet dans le jeu des riches<\/a><\/li>\n\n\n\n<li><a href=\"https:\/\/xn--libert-financire-6pbj.com\/index.php\/les-riches-ne-bossent-pas-pour-largent-ils-font-bosser-largent-pour-eux\/?customize_changeset_uuid=01fbcfd0-e727-44f5-9efd-b42b65c723f3&amp;customize_messenger_channel=preview-0\">Les riches ne bossent pas pour l\u2019argent. Ils font bosser l\u2019argent pour eux.<\/a><\/li>\n\n\n\n<li><a href=\"https:\/\/xn--libert-financire-6pbj.com\/index.php\/lecole-ta-appris-a-obeir-pas-a-gagner-deprogramme-toi\/?customize_changeset_uuid=01fbcfd0-e727-44f5-9efd-b42b65c723f3&amp;customize_messenger_channel=preview-0\">L\u2019\u00e9cole t\u2019a appris \u00e0 ob\u00e9ir, pas \u00e0 gagner. D\u00e9programme-toi.<\/a><\/li>\n\n\n\n<li><a href=\"https:\/\/xn--libert-financire-6pbj.com\/index.php\/etre-salarie-cest-vendre-sa-vie-en-promo-change-de-game\/?customize_changeset_uuid=01fbcfd0-e727-44f5-9efd-b42b65c723f3&amp;customize_messenger_channel=preview-0\">\u00catre salari\u00e9, c\u2019est vendre sa vie en promo. Change de game.<\/a><\/li>\n\n\n\n<li><a href=\"https:\/\/xn--libert-financire-6pbj.com\/index.php\/arrete-detre-un-pion-sois-le-joueur\/?customize_changeset_uuid=01fbcfd0-e727-44f5-9efd-b42b65c723f3&amp;customize_messenger_channel=preview-0\">Arr\u00eate d\u2019\u00eatre un pion. Sois le joueur.<\/a><\/li>\n\n\n\n<li><a href=\"https:\/\/xn--libert-financire-6pbj.com\/index.php\/arrete-detre-un-pion-sois-le-joueur\/?customize_changeset_uuid=01fbcfd0-e727-44f5-9efd-b42b65c723f3&amp;customize_messenger_channel=preview-0\">Arr\u00eate d\u2019\u00eatre un pion. Sois le joueur.<\/a><\/li>\n<\/ul>\n\n\n\n<ul>\n<li><a href=\"https:\/\/xn--libert-financire-6pbj.com\/index.php\/10-astuces-simples-pour-reduire-vos-depenses-au-quotidien\/\">10 Astuces Simples pour R\u00e9duire Vos D\u00e9penses au Quotidien<\/a><\/li>\n\n\n\n<li><a href=\"https:\/\/xn--libert-financire-6pbj.com\/index.php\/10-methodes-pour-rembourser-vos-dettes-en-un-temps-record\/\">10 M\u00e9thodes pour Rembourser Vos Dettes en Un Temps Record<\/a><\/li>\n\n\n\n<li><a href=\"https:\/\/xn--libert-financire-6pbj.com\/index.php\/5-etapes-pour-creer-un-fonds-durgence-rapide\/\">5 \u00c9tapes pour Cr\u00e9er un Fonds d\u2019Urgence Rapide<\/a><\/li>\n\n\n\n<li><a href=\"https:\/\/xn--libert-financire-6pbj.com\/index.php\/5-objectifs-financiers-essentiels-pour-atteindre-lindependance\/\">5 Objectifs Financiers Essentiels pour Atteindre l\u2019Ind\u00e9pendance<\/a><\/li>\n\n\n\n<li><a href=\"https:\/\/xn--libert-financire-6pbj.com\/index.php\/6-methodes-pour-gerer-vos-dettes-efficacement\/\">6 M\u00e9thodes pour G\u00e9rer Vos Dettes Efficacement<\/a><\/li>\n\n\n\n<li><a href=\"https:\/\/xn--libert-financire-6pbj.com\/index.php\/6-regles-dor-pour-eviter-les-achats-impulsifs\/\">6 R\u00e8gles d\u2019Or pour \u00c9viter les Achats Impulsifs<\/a><\/li>\n\n\n\n<li><a href=\"https:\/\/xn--libert-financire-6pbj.com\/index.php\/8-conseils-dexperts-pour-planifier-une-retraite-confortable\/\">8 Conseils d\u2019Experts pour Planifier une Retraite Confortable<\/a><\/li>\n\n\n\n<li><a href=\"https:\/\/xn--libert-financire-6pbj.com\/index.php\/arretez-de-dire-je-nai-pas-dargent-transformez-votre-relation-avec-largent-des-aujourdhui\/\">Arr\u00eatez de dire \u201cJe n\u2019ai pas d\u2019argent\u201d : Transformez votre relation avec l\u2019argent d\u00e8s aujourd\u2019hui<\/a><\/li>\n\n\n\n<li><a href=\"https:\/\/xn--libert-financire-6pbj.com\/index.php\/au-sujet-de-lauteur-de-vers-une-liberte-financiere-durable\/\">Au sujet de l\u2019auteur de \u201cVers une Libert\u00e9 Financi\u00e8re Durable\u201d<\/a><\/li>\n\n\n\n<li><a href=\"https:\/\/xn--libert-financire-6pbj.com\/index.php\/avez-vous-deja-pense-a-largent-comme-un-simple-outil\/\">Avez-vous d\u00e9j\u00e0 pens\u00e9 \u00e0 l\u2019argent comme un simple outil ?<\/a><\/li>\n\n\n\n<li><a href=\"https:\/\/xn--libert-financire-6pbj.com\/index.php\/avoir-une-strategie-depargne\/\">Avoir une strat\u00e9gie d\u2019\u00e9pargne<\/a><\/li>\n\n\n\n<li><a href=\"https:\/\/xn--libert-financire-6pbj.com\/index.php\/changer-sa-mentalite-vis-a-vis-de-largent\/\">Changer sa mentalit\u00e9 vis-\u00e0-vis de l\u2019argent<\/a><\/li>\n\n\n\n<li><a href=\"https:\/\/xn--libert-financire-6pbj.com\/index.php\/changer-votre-mentalite-vis-a-vis-de-largent-la-cle-pour-une-vie-financiere-epanouie\/\">Changer Votre Mentalit\u00e9 Vis-\u00e0-Vis de l\u2019Argent : La Cl\u00e9 pour une Vie Financi\u00e8re \u00c9panouie<\/a><\/li>\n<\/ul>\n","protected":false},"excerpt":{"rendered":"","protected":false},"author":1,"featured_media":0,"parent":0,"menu_order":0,"comment_status":"closed","ping_status":"closed","template":"","meta":{"footnotes":""},"_links":{"self":[{"href":"https:\/\/xn--libert-financire-6pbj.com\/index.php\/wp-json\/wp\/v2\/pages\/551"}],"collection":[{"href":"https:\/\/xn--libert-financire-6pbj.com\/index.php\/wp-json\/wp\/v2\/pages"}],"about":[{"href":"https:\/\/xn--libert-financire-6pbj.com\/index.php\/wp-json\/wp\/v2\/types\/page"}],"author":[{"embeddable":true,"href":"https:\/\/xn--libert-financire-6pbj.com\/index.php\/wp-json\/wp\/v2\/users\/1"}],"replies":[{"embeddable":true,"href":"https:\/\/xn--libert-financire-6pbj.com\/index.php\/wp-json\/wp\/v2\/comments?post=551"}],"version-history":[{"count":2,"href":"https:\/\/xn--libert-financire-6pbj.com\/index.php\/wp-json\/wp\/v2\/pages\/551\/revisions"}],"predecessor-version":[{"id":1123,"href":"https:\/\/xn--libert-financire-6pbj.com\/index.php\/wp-json\/wp\/v2\/pages\/551\/revisions\/1123"}],"wp:attachment":[{"href":"https:\/\/xn--libert-financire-6pbj.com\/index.php\/wp-json\/wp\/v2\/media?parent=551"}],"curies":[{"name":"wp","href":"https:\/\/api.w.org\/{rel}","templated":true}]}}