{"id":939,"date":"2025-01-22T19:08:46","date_gmt":"2025-01-22T19:08:46","guid":{"rendered":"https:\/\/xn--libert-financire-6pbj.com\/?page_id=939"},"modified":"2025-01-22T19:08:46","modified_gmt":"2025-01-22T19:08:46","slug":"lamerique-terre-des-reves-et-des-fortunes-comment-largent-faconne-le-reve-americain","status":"publish","type":"page","link":"https:\/\/xn--libert-financire-6pbj.com\/index.php\/lamerique-terre-des-reves-et-des-fortunes-comment-largent-faconne-le-reve-americain\/","title":{"rendered":"L&rsquo;Am\u00e9rique, terre des r\u00eaves et des fortunes : Comment l&rsquo;argent fa\u00e7onne le r\u00eave am\u00e9ricain"},"content":{"rendered":"\n<p>L\u2019Am\u00e9rique, un pays o\u00f9 tout semble possible. Un endroit o\u00f9 des millions de personnes ont pos\u00e9 leurs valises avec l\u2019espoir de r\u00e9aliser leurs r\u00eaves les plus fous. Mais comment expliquer ce ph\u00e9nom\u00e8ne ? Pourquoi l\u2019id\u00e9e d\u2019une fortune rapide, d\u2019un avenir radieux semble-t-elle captiver tant de gens, qu\u2019ils soient venus d\u2019un coin perdu du monde ou qu\u2019ils y soient n\u00e9s ? La r\u00e9ponse se trouve dans un moteur universel : l\u2019argent. Il fa\u00e7onne, nourrit et d\u00e9forme parfois m\u00eame ce fameux \u00ab r\u00eave am\u00e9ricain \u00bb. Mais est-ce un r\u00eave pour tout le monde, ou simplement un mythe qui repose sur une r\u00e9alit\u00e9 plus complexe que ce que l\u2019on pourrait imaginer ?<\/p>\n\n\n\n<p>L\u2019argent, ce carburant du r\u00eave am\u00e9ricain, est \u00e0 la fois une promesse et une r\u00e9alit\u00e9. Dans le quotidien de millions d&rsquo;Am\u00e9ricains, il est synonyme de libert\u00e9, de succ\u00e8s, de pouvoir. Vous avez un projet, une id\u00e9e brillante ? Si vous avez les moyens, vous avez le pouvoir de la concr\u00e9tiser. Vous r\u00eavez d&rsquo;une vie meilleure ? Dans ce pays, l&rsquo;ascenseur social semble fonctionner \u00e0 plein r\u00e9gime, surtout si vous \u00eates pr\u00eat \u00e0 investir, \u00e0 prendre des risques. Cependant, cette m\u00eame qu\u00eate d\u2019argent peut aussi rendre l\u2019Am\u00e9rique un endroit impitoyable, o\u00f9 la pression et l\u2019angoisse d\u2019\u00e9chouer p\u00e8sent sur les \u00e9paules de ceux qui courent apr\u00e8s la fortune. Mais malgr\u00e9 tout, le r\u00eave reste bien vivant et attire toujours des foules \u00e0 la recherche de cette fameuse opportunit\u00e9 qui pourrait tout changer.<\/p>\n\n\n\n<p>Prenons l&rsquo;exemple de Jeff Bezos. L&rsquo;histoire de ce g\u00e9ant de l&rsquo;e-commerce est aujourd\u2019hui le mod\u00e8le m\u00eame du r\u00eave am\u00e9ricain : un homme qui part de rien, qui vend des livres dans un garage et qui b\u00e2tit un empire mondial. Son succ\u00e8s ne serait pas le m\u00eame sans l\u2019argent qu\u2019il a su attirer, investir et g\u00e9rer \u00e0 merveille. L\u2019argent a jou\u00e9 un r\u00f4le cl\u00e9, non seulement dans sa capacit\u00e9 \u00e0 cr\u00e9er et \u00e0 \u00e9voluer, mais aussi dans la mani\u00e8re dont il a su r\u00e9inventer l\u2019industrie. C&rsquo;est l\u00e0 o\u00f9 le r\u00eave devient tangible : l&rsquo;argent, bien g\u00e9r\u00e9, devient un levier pour transformer une id\u00e9e en r\u00e9alit\u00e9. Dans ce contexte, l\u2019argent n\u2019est pas simplement un moyen d\u2019avoir plus ; il devient la cl\u00e9 de la libert\u00e9, de la cr\u00e9ativit\u00e9, de l\u2019ind\u00e9pendance.<\/p>\n\n\n\n<p>Mais attention, il ne s\u2019agit pas d\u2019une simple question de chance. L&rsquo;argent n&rsquo;est pas quelque chose qui tombe du ciel, ni un miracle qui se produit du jour au lendemain. Ceux qui r\u00e9ussissent, comme les exemples c\u00e9l\u00e8bres ou des entrepreneurs moins connus mais tout aussi inspirants, savent qu&rsquo;il faut une combinaison de travail acharn\u00e9, de pers\u00e9v\u00e9rance et de strat\u00e9gie. Ce n\u2019est pas en attendant que la fortune frappe \u00e0 votre porte que vous r\u00e9ussirez. Il faut l\u2019appeler, la cultiver et, surtout, savoir saisir les opportunit\u00e9s lorsqu\u2019elles se pr\u00e9sentent.<\/p>\n\n\n\n<p>Cela signifie que pour r\u00e9ussir, il faut adopter un \u00e9tat d\u2019esprit particulier : celui de l&rsquo;opportuniste. Ce n\u2019est pas seulement une question d\u2019argent, c\u2019est une question d\u2019\u00e9tat d\u2019esprit. Les Am\u00e9ricains comprennent cela tr\u00e8s bien. Ils vivent dans une soci\u00e9t\u00e9 o\u00f9 l\u2019id\u00e9e m\u00eame de se r\u00e9inventer est c\u00e9l\u00e9br\u00e9e. L&rsquo;argent, loin d\u2019\u00eatre une fin en soi, devient une sorte de carburant pour avancer, se d\u00e9velopper et, finalement, accomplir ce r\u00eave. Une mentalit\u00e9 qui peut \u00eatre inspirante pour quiconque r\u00eave d\u2019un avenir meilleur.<\/p>\n\n\n\n<p>Alors, comment appliquer ce principe \u00e0 votre propre vie ? Commencez par identifier vos r\u00eaves et les opportunit\u00e9s qui s\u2019offrent \u00e0 vous. L\u2019argent viendra s\u2019ajouter lorsque vous aurez mis en place un plan solide, que vous serez pr\u00eats \u00e0 investir dans vos id\u00e9es et que vous ne reculerez pas devant les d\u00e9fis. C\u2019est dans la mani\u00e8re dont vous appr\u00e9hendez vos ressources et votre capacit\u00e9 \u00e0 g\u00e9n\u00e9rer des opportunit\u00e9s que r\u00e9side la cl\u00e9. Que vous souhaitiez lancer une entreprise, investir dans l\u2019immobilier ou m\u00eame d\u00e9marrer un projet personnel, l\u2019essentiel est de comprendre que l\u2019argent, lorsqu&rsquo;il est bien utilis\u00e9, est un v\u00e9ritable vecteur de changement.<\/p>\n\n\n\n<p>Enfin, rappelez-vous que tout n\u2019est pas qu\u2019une question de chiffres. Le r\u00eave am\u00e9ricain est aussi une question d\u2019\u00e9motions : celui de la libert\u00e9, de la fiert\u00e9, de la possibilit\u00e9 de tout changer. Pour quiconque croit en ce r\u00eave et qui est pr\u00eat \u00e0 s\u2019engager dans cette qu\u00eate, l\u2019argent n\u2019est que l\u2019instrument qui permettra d\u2019aller plus loin.<\/p>\n\n\n\n<p>Alors, qu\u2019attendez-vous ? Osez r\u00eaver, osez entreprendre, osez investir dans vos id\u00e9es. L\u2019Am\u00e9rique vous montre qu\u2019il est possible de passer de l\u2019id\u00e9e \u00e0 la r\u00e9alit\u00e9, de la simple vision \u00e0 la fortune, mais c\u2019est \u00e0 vous de faire le premier pas. Ce n\u2019est pas qu\u2019un mythe, c\u2019est une opportunit\u00e9 pour ceux qui savent la saisir.<\/p>\n\n\n\n<p>Guido SAVERIO<\/p>\n\n\n\n<p class=\"has-vivid-red-color has-text-color has-link-color wp-elements-10f7823c6bbb81915e5c4d995dc39c78\"><strong>Partagez cet article et merci de m&rsquo;avoir lu !<\/strong><\/p>\n","protected":false},"excerpt":{"rendered":"<p>L\u2019Am\u00e9rique, un pays o\u00f9 tout semble possible. Un endroit o\u00f9 des millions de personnes ont pos\u00e9 leurs valises avec l\u2019espoir de r\u00e9aliser leurs r\u00eaves les plus fous. Mais comment expliquer ce ph\u00e9nom\u00e8ne ? Pourquoi l\u2019id\u00e9e d\u2019une fortune rapide, d\u2019un avenir&#8230; <a href=\"https:\/\/xn--libert-financire-6pbj.com\/index.php\/lamerique-terre-des-reves-et-des-fortunes-comment-largent-faconne-le-reve-americain\/\" class=\"readmore\">Read more<span class=\"screen-reader-text\">L&rsquo;Am\u00e9rique, terre des r\u00eaves et des fortunes : Comment l&rsquo;argent fa\u00e7onne le r\u00eave am\u00e9ricain<\/span><span class=\"fa fa-angle-double-right\" aria-hidden=\"true\"><\/span><\/a><\/p>\n","protected":false},"author":1,"featured_media":0,"parent":0,"menu_order":0,"comment_status":"closed","ping_status":"closed","template":"","meta":{"footnotes":""},"_links":{"self":[{"href":"https:\/\/xn--libert-financire-6pbj.com\/index.php\/wp-json\/wp\/v2\/pages\/939"}],"collection":[{"href":"https:\/\/xn--libert-financire-6pbj.com\/index.php\/wp-json\/wp\/v2\/pages"}],"about":[{"href":"https:\/\/xn--libert-financire-6pbj.com\/index.php\/wp-json\/wp\/v2\/types\/page"}],"author":[{"embeddable":true,"href":"https:\/\/xn--libert-financire-6pbj.com\/index.php\/wp-json\/wp\/v2\/users\/1"}],"replies":[{"embeddable":true,"href":"https:\/\/xn--libert-financire-6pbj.com\/index.php\/wp-json\/wp\/v2\/comments?post=939"}],"version-history":[{"count":1,"href":"https:\/\/xn--libert-financire-6pbj.com\/index.php\/wp-json\/wp\/v2\/pages\/939\/revisions"}],"predecessor-version":[{"id":940,"href":"https:\/\/xn--libert-financire-6pbj.com\/index.php\/wp-json\/wp\/v2\/pages\/939\/revisions\/940"}],"wp:attachment":[{"href":"https:\/\/xn--libert-financire-6pbj.com\/index.php\/wp-json\/wp\/v2\/media?parent=939"}],"curies":[{"name":"wp","href":"https:\/\/api.w.org\/{rel}","templated":true}]}}